{"id":11677,"date":"2024-01-15T19:51:26","date_gmt":"2024-01-15T18:51:26","guid":{"rendered":"https:\/\/trektrycy.pl\/?page_id=11677"},"modified":"2024-01-20T21:12:24","modified_gmt":"2024-01-20T20:12:24","slug":"dzien-5-sao-felix-fao-12-km","status":"publish","type":"page","link":"https:\/\/trektrycy.pl\/?page_id=11677","title":{"rendered":"Dzie\u0144 5: Rates \/ Sao Felix \u2013 Fao, 12 km"},"content":{"rendered":"\n<p>Nasz plan na dzi\u015b przewiduje przej\u015bcie do Esposende, gdzie wejdziemy na Camino da Costa &#8211; drog\u0119 nadmorsk\u0105. Pobyt na tej g\u00f3rze by\u0142 \u015bwietny pod wieloma wzgl\u0119dami, poza finansowym. Postanawiamy zarezerwowa\u0107 zawczasu nast\u0119pny nocleg. Nie udaje si\u0119 w Esposende, rezerwujemy pok\u00f3j w schronisku m\u0142odzie\u017cowym w Fao i ruszamy w drog\u0119.<\/p>\n\n\n\n<p>Gdyby\u015bmy nie mieli nawigacji, nie znale\u017aliby\u015bmy tej zaro\u015bni\u0119tej trasy po starych torach kolejowych. Nikogo nie widzieli\u015bmy po drodze a\u017c do kolejnej wioski. Musi by\u0107 jaki\u015b bardziej ucz\u0119szczany \u0142\u0105cznik mi\u0119dzy trasami. Przechodzenie mi\u0119dzy trasami nale\u017cy dobrze zbada\u0107 w przewodnikach i na mapach zawczasu.<\/p>\n\n\n\n<p>Odcinek ma\u0142o atrakcyjny, sporo \u015bmieci w lesie.<\/p>\n\n\n\n<h3 class=\"wp-block-heading has-luminous-vivid-orange-color has-text-color has-link-color wp-elements-7a7aa9a6ef57608ff6fecefab92ef599\"><strong>F\u00e3o<\/strong><\/h3>\n\n\n\n<p>Niby tylko trzy litery, ale wym\u00f3wi\u0107 prawid\u0142owo tej nazwy si\u0119 nie da bez wcze\u015bniejszej praktyki. Przekonali\u015bmy si\u0119 o tym w barze w jednej z wiosek, gdzie nie mieli\u015bmy pewno\u015bci jak i\u015b\u0107 dalej i chcieli\u015bmy si\u0119 dowiedzie\u0107. Za nic nie rozumieli naszego wyra\u017anego F-a-o. Dopiero napisanie nazwy pomog\u0142o. \u201e<em>O<\/em>, (i tu nast\u0105pi\u0142o jakie\u015b fukni\u0119cie)<em>, to tam!\u201d <\/em>i ca\u0142y towarzystwo w barze si\u0119 u\u015bmia\u0142o. Pewnie z nas, ale mi\u0142o by\u0142o. Na wiadomo\u015b\u0107, \u017ce jeste\u015bmy z Polski by\u0142o du\u017ce \u201e<em>ooo<\/em>\u201d i gesty znacz\u0105ce, \u017ce to daleko. Dostali\u015bmy po pomara\u0144czy na drog\u0119 i zbiorowe \u017cyczenia <em>bom camino<\/em>. Coraz bardziej si\u0119 nam tu podoba. Trzeba cz\u0119\u015bciej zachodzi\u0107 do bar\u00f3w.<\/p>\n\n\n\n<p>Dobrze, \u017ce doszli\u015bmy bez konieczno\u015bci dalszego pytania o drog\u0119, bo nie wiadomo gdzie by\u015bmy wyl\u0105dowali z naszym akcentem.<\/p>\n\n\n\n<p>Wiele podstawowych s\u0142\u00f3w portugalskich: irm\u00e3- siostra, m\u00e3e \u2013 matka, m\u00e3o \u2013 r\u0119ka, p\u00e3o \u2013 chleb i wiele innych zawiera ten nosowy d\u017awi\u0119k, ale o tym przeczyta\u0142am dopiero w domu.<\/p>\n\n\n\n<p>Docieramy do Pousada de Juventude czyli schroniska m\u0142odzie\u017cowego, na lewym brzegu rzeki C\u00e1vado, gdzie mamy pok\u00f3j dwuosobowy na parterze, ale z balkonikiem. Na pi\u0119trach s\u0142ycha\u0107 niepowtarzalny ha\u0142as robiony przez wycieczki szkolne.<\/p>\n\n\n\n<p>W starym centrum F\u00e3o, przechadzaj\u0105c si\u0119 uliczkami mo\u017cemy dostrzec pami\u0105tki po sukcesie niekt\u00f3rych portugalskich emigrant\u00f3w w Brazylii, kt\u00f3rzy zarobili du\u017ce pieni\u0105dze, wr\u00f3cili i zbudowali bogate, kolorowe domy. Wiele takich domostw mo\u017cna te\u017c zobaczy\u0107 w p\u00f3\u0142nocnej Hiszpanii.<\/p>\n\n\n\n<p>Kilka kaplic i ko\u015bcio\u0142\u00f3w, raczej niedu\u017cych, promenada nad rzek\u0105 i popularna pla\u017ca Ofir z barami, hotelami i sosnowym laskiem. Naturaln\u0105 ciekawostk\u0105 s\u0105 tu ska\u0142y wy\u0142aniaj\u0105ce si\u0119 z morza podczas odp\u0142ywu, kt\u00f3re ze wzgl\u0119du na sw\u00f3j kszta\u0142t nazywane s\u0105 \u201eCavalos de F\u00e3o\u201d (Konie F\u00e3o).<\/p>\n\n\n\n<p>M\u00f3wi si\u0119, \u017ce konie czyhaj\u0105 na nieostro\u017cnych lub niedo\u015bwiadczonych \u017ceglarzy.<\/p>\n\n\n<div class=\"wp-block-image\">\n<figure data-wp-context=\"{&quot;imageId&quot;:&quot;69fb4c9557064&quot;}\" data-wp-interactive=\"core\/image\" data-wp-key=\"69fb4c9557064\" class=\"aligncenter size-full is-resized wp-lightbox-container\"><img loading=\"lazy\" decoding=\"async\" width=\"1500\" height=\"948\" data-wp-class--hide=\"state.isContentHidden\" data-wp-class--show=\"state.isContentVisible\" data-wp-init=\"callbacks.setButtonStyles\" data-wp-on--click=\"actions.showLightbox\" data-wp-on--load=\"callbacks.setButtonStyles\" data-wp-on-window--resize=\"callbacks.setButtonStyles\" src=\"https:\/\/trektrycy.pl\/wp-content\/uploads\/2024\/01\/Konie.jpg\" alt=\"\" class=\"wp-image-11698\" style=\"width:750px\" srcset=\"https:\/\/trektrycy.pl\/wp-content\/uploads\/2024\/01\/Konie.jpg 1500w, https:\/\/trektrycy.pl\/wp-content\/uploads\/2024\/01\/Konie-300x190.jpg 300w, https:\/\/trektrycy.pl\/wp-content\/uploads\/2024\/01\/Konie-1024x647.jpg 1024w, https:\/\/trektrycy.pl\/wp-content\/uploads\/2024\/01\/Konie-768x485.jpg 768w, https:\/\/trektrycy.pl\/wp-content\/uploads\/2024\/01\/Konie-95x60.jpg 95w\" sizes=\"auto, (max-width: 1500px) 100vw, 1500px\" \/><button\n\t\t\tclass=\"lightbox-trigger\"\n\t\t\ttype=\"button\"\n\t\t\taria-haspopup=\"dialog\"\n\t\t\taria-label=\"Powi\u0119ksz\"\n\t\t\tdata-wp-init=\"callbacks.initTriggerButton\"\n\t\t\tdata-wp-on--click=\"actions.showLightbox\"\n\t\t\tdata-wp-style--right=\"state.imageButtonRight\"\n\t\t\tdata-wp-style--top=\"state.imageButtonTop\"\n\t\t>\n\t\t\t<svg xmlns=\"http:\/\/www.w3.org\/2000\/svg\" width=\"12\" height=\"12\" fill=\"none\" viewBox=\"0 0 12 12\">\n\t\t\t\t<path fill=\"#fff\" d=\"M2 0a2 2 0 0 0-2 2v2h1.5V2a.5.5 0 0 1 .5-.5h2V0H2Zm2 10.5H2a.5.5 0 0 1-.5-.5V8H0v2a2 2 0 0 0 2 2h2v-1.5ZM8 12v-1.5h2a.5.5 0 0 0 .5-.5V8H12v2a2 2 0 0 1-2 2H8Zm2-12a2 2 0 0 1 2 2v2h-1.5V2a.5.5 0 0 0-.5-.5H8V0h2Z\" \/>\n\t\t\t<\/svg>\n\t\t<\/button><figcaption class=\"wp-element-caption\"><em>Fresk w hotelu Ofir w F\u00e3o<\/em>. (https:\/\/hdl.handle.net\/20.500.12940\/10836)<\/figcaption><\/figure>\n<\/div>\n\n\n<div style=\"height:10px\" aria-hidden=\"true\" class=\"wp-block-spacer\"><\/div>\n\n\n\n<p>Legenda g\u0142osi, \u017ce do wybrze\u017ca Ofiru w staro\u017cytno\u015bci przyp\u0142ywa\u0142y statki kr\u00f3la Salomona w poszukiwaniu z\u0142ota, kt\u00f3re rzeczywi\u015bcie w tej okolicy znajdowali. Jako podzi\u0119kowanie za to co wywi\u00f3z\u0142 z tych ziem, Salomon wys\u0142a\u0142 na swoich statkach wspania\u0142e konie, aby je ofiarowa\u0107 Ofirowi.<\/p>\n\n\n\n<p>Nag\u0142a burza u wybrze\u017ca spowodowa\u0142a zatoni\u0119cie statk\u00f3w i koni. Jednak elfy przemierzaj\u0105ce pla\u017c\u0119 zamieni\u0142y konie w ska\u0142y, kt\u00f3re w spokojne dni mo\u017cna zobaczy\u0107 na powierzchni, natomiast w burzliwe dni wzniecaj\u0105 wysokie fontanny bia\u0142ej piany. Wiele statk\u00f3w tu zaton\u0119\u0142o, rozbijaj\u0105c si\u0119 o te zdradzieckie wychodnie. By\u0142y w\u015br\u00f3d nich te\u017c statki ze z\u0142ymi zamiarami \u2013 pirackie. W 2014 roku wielki sztorm ujawni\u0142 tu statek z XVI wieku.<\/p>\n\n\n\n<p>Je\u017celi czas pozwoli, warto p\u00f3j\u015b\u0107 na t\u0119 pla\u017c\u0119. To oko\u0142o 1,5 km od centrum.<\/p>\n\n\n\n<p>My, na koniec dnia kupujemy sobie butelk\u0119 porto w sklepie i sp\u0119dzamy przyjemny wiecz\u00f3r na balkonie naszego pokoju, z widokiem na spokojn\u0105 rzek\u0119 i \u015bcie\u017ck\u0119, po kt\u00f3rej chodz\u0105 mieszka\u0144cy na wieczorny spacer. Gdzie\u015b tutaj, pomi\u0119dzy F\u00e3o a Ap\u00fali\u0105 znajduje si\u0119 laguna, na kt\u00f3rej zatrzymuj\u0105 si\u0119 ptaki migruj\u0105ce z p\u00f3\u0142nocy.<\/p>\n\n\n\n<p>Mg\u0142a podnosi si\u0119 nad rzek\u0105, wszelka &#8222;\u017cywio\u0142a&#8221; ucich\u0142a &#8211; poza uczniami na pi\u0119trze. Pora spa\u0107.<\/p>\n\n\n<div class=\"wp-block-image\">\n<figure data-wp-context=\"{&quot;imageId&quot;:&quot;69fb4c95579ab&quot;}\" data-wp-interactive=\"core\/image\" data-wp-key=\"69fb4c95579ab\" class=\"aligncenter size-large is-resized wp-lightbox-container\"><img loading=\"lazy\" decoding=\"async\" width=\"768\" height=\"1024\" data-wp-class--hide=\"state.isContentHidden\" data-wp-class--show=\"state.isContentVisible\" data-wp-init=\"callbacks.setButtonStyles\" data-wp-on--click=\"actions.showLightbox\" data-wp-on--load=\"callbacks.setButtonStyles\" data-wp-on-window--resize=\"callbacks.setButtonStyles\" src=\"https:\/\/trektrycy.pl\/wp-content\/uploads\/2024\/01\/Kaplica-Fao-768x1024.jpg\" alt=\"\" class=\"wp-image-11701\" style=\"width:auto;height:750px\" srcset=\"https:\/\/trektrycy.pl\/wp-content\/uploads\/2024\/01\/Kaplica-Fao-768x1024.jpg 768w, https:\/\/trektrycy.pl\/wp-content\/uploads\/2024\/01\/Kaplica-Fao-225x300.jpg 225w, https:\/\/trektrycy.pl\/wp-content\/uploads\/2024\/01\/Kaplica-Fao-45x60.jpg 45w, https:\/\/trektrycy.pl\/wp-content\/uploads\/2024\/01\/Kaplica-Fao.jpg 1125w\" sizes=\"auto, (max-width: 768px) 100vw, 768px\" \/><button\n\t\t\tclass=\"lightbox-trigger\"\n\t\t\ttype=\"button\"\n\t\t\taria-haspopup=\"dialog\"\n\t\t\taria-label=\"Powi\u0119ksz\"\n\t\t\tdata-wp-init=\"callbacks.initTriggerButton\"\n\t\t\tdata-wp-on--click=\"actions.showLightbox\"\n\t\t\tdata-wp-style--right=\"state.imageButtonRight\"\n\t\t\tdata-wp-style--top=\"state.imageButtonTop\"\n\t\t>\n\t\t\t<svg xmlns=\"http:\/\/www.w3.org\/2000\/svg\" width=\"12\" height=\"12\" fill=\"none\" viewBox=\"0 0 12 12\">\n\t\t\t\t<path fill=\"#fff\" d=\"M2 0a2 2 0 0 0-2 2v2h1.5V2a.5.5 0 0 1 .5-.5h2V0H2Zm2 10.5H2a.5.5 0 0 1-.5-.5V8H0v2a2 2 0 0 0 2 2h2v-1.5ZM8 12v-1.5h2a.5.5 0 0 0 .5-.5V8H12v2a2 2 0 0 1-2 2H8Zm2-12a2 2 0 0 1 2 2v2h-1.5V2a.5.5 0 0 0-.5-.5H8V0h2Z\" \/>\n\t\t\t<\/svg>\n\t\t<\/button><figcaption class=\"wp-element-caption\"><em>Kaplica w Fao<\/em><\/figcaption><\/figure>\n<\/div>\n\n\n<div style=\"height:0px\" aria-hidden=\"true\" class=\"wp-block-spacer\"><\/div>\n\n\n\n<div style=\"height:40px\" aria-hidden=\"true\" class=\"wp-block-spacer\"><\/div>\n\n\n\n<div class=\"wp-block-buttons is-content-justification-space-between is-layout-flex wp-container-core-buttons-is-layout-3d213aab wp-block-buttons-is-layout-flex\">\n<div class=\"wp-block-button\"><a class=\"wp-block-button__link has-white-color has-vivid-cyan-blue-background-color has-text-color has-background has-link-color wp-element-button\" href=\"https:\/\/trektrycy.pl\/?page_id=11618\">&lt;&lt; <strong>Vilarinho \u2013 Rates\/ Sao Felix<\/strong><\/a><\/div>\n\n\n\n<div class=\"wp-block-button\"><a class=\"wp-block-button__link has-white-color has-vivid-cyan-blue-background-color has-text-color has-background has-link-color wp-element-button\" href=\"https:\/\/trektrycy.pl\/?page_id=459\">Camino Portugues<\/a><\/div>\n\n\n\n<div class=\"wp-block-button\"><a class=\"wp-block-button__link has-white-color has-vivid-cyan-blue-background-color has-text-color has-background has-link-color wp-element-button\" href=\"https:\/\/trektrycy.pl\/?page_id=11710\"><strong>Fao \u2013 Viana do Castelo, 23 km<\/strong> &gt;&gt;<\/a><\/div>\n<\/div>\n\n\n\n<div style=\"height:50px\" aria-hidden=\"true\" class=\"wp-block-spacer\"><\/div>\n<style>.template_11{background:#2980b9;background:linear-gradient(225deg,#2980b9 0,#6dd5fa 50%,#fff 100%);padding:15px;margin:15px;border-radius:40px;border:2px solid #2980b9;font-family:calibri;font-size:13pt;text-align:center}.template_11>div{color:#1a1a1a;display:inline-block;margin:0 30px}.template_11>div>span{font-weight:700;margin-left:10px}.template_11 .icons{color:#1a1a1a;margin-right:5px;font-weight:700}@media (max-width:644px){.template_11>div{margin:0 10px}}@media (max-width:525px){.template_11>div{display:block;margin:0;padding:10px 0;border-bottom:1px solid #2980b9}.template_11>div:last-child{border-bottom:none}}<\/style><style>.apvc_shortcode_ren_5908 { text-align:center;} <\/style><div class=\"apvc_shortcode_ren_5908 template_11\"><div><img decoding=\"async\" src=\"https:\/\/trektrycy.pl\/wp-content\/plugins\/advanced-page-visit-counter\/public\/images\/eye-icon.png\" class=\"apvc-view-icon\" alt=\"apvc-icon\">Odwiedzin: 16996<\/div><\/div>","protected":false},"excerpt":{"rendered":"<p>Nasz plan na dzi\u015b przewiduje przej\u015bcie do Esposende, gdzie wejdziemy na Camino da Costa &#8211; drog\u0119 nadmorsk\u0105. Pobyt na tej g\u00f3rze by\u0142 \u015bwietny pod wieloma &hellip; <\/p>\n","protected":false},"author":1,"featured_media":0,"parent":459,"menu_order":5,"comment_status":"closed","ping_status":"closed","template":"","meta":{"advgb_blocks_editor_width":"","advgb_blocks_columns_visual_guide":"","footnotes":""},"class_list":["post-11677","page","type-page","status-publish","hentry"],"aioseo_notices":[],"coauthors":[],"author_meta":{"author_link":"https:\/\/trektrycy.pl\/?author=1","display_name":"Zbig"},"relative_dates":{"created":"Opublikowano 2 lata temu","modified":"Zaktualizowano 2 lata temu"},"absolute_dates":{"created":"Opublikowano 15\/01\/2024","modified":"Zaktualizowano 20\/01\/2024"},"absolute_dates_time":{"created":"Opublikowano 15\/01\/2024 19:51","modified":"Zaktualizowano 20\/01\/2024 21:12"},"featured_img_caption":"","featured_img":false,"series_order":"","_links":{"self":[{"href":"https:\/\/trektrycy.pl\/index.php?rest_route=\/wp\/v2\/pages\/11677","targetHints":{"allow":["GET"]}}],"collection":[{"href":"https:\/\/trektrycy.pl\/index.php?rest_route=\/wp\/v2\/pages"}],"about":[{"href":"https:\/\/trektrycy.pl\/index.php?rest_route=\/wp\/v2\/types\/page"}],"author":[{"embeddable":true,"href":"https:\/\/trektrycy.pl\/index.php?rest_route=\/wp\/v2\/users\/1"}],"replies":[{"embeddable":true,"href":"https:\/\/trektrycy.pl\/index.php?rest_route=%2Fwp%2Fv2%2Fcomments&post=11677"}],"version-history":[{"count":18,"href":"https:\/\/trektrycy.pl\/index.php?rest_route=\/wp\/v2\/pages\/11677\/revisions"}],"predecessor-version":[{"id":11745,"href":"https:\/\/trektrycy.pl\/index.php?rest_route=\/wp\/v2\/pages\/11677\/revisions\/11745"}],"up":[{"embeddable":true,"href":"https:\/\/trektrycy.pl\/index.php?rest_route=\/wp\/v2\/pages\/459"}],"wp:attachment":[{"href":"https:\/\/trektrycy.pl\/index.php?rest_route=%2Fwp%2Fv2%2Fmedia&parent=11677"}],"curies":[{"name":"wp","href":"https:\/\/api.w.org\/{rel}","templated":true}]}}