{"id":11519,"date":"2024-01-15T12:39:21","date_gmt":"2024-01-15T11:39:21","guid":{"rendered":"https:\/\/trektrycy.pl\/?page_id=11519"},"modified":"2024-01-15T14:55:02","modified_gmt":"2024-01-15T13:55:02","slug":"wstep","status":"publish","type":"page","link":"https:\/\/trektrycy.pl\/?page_id=11519","title":{"rendered":"Wst\u0119p"},"content":{"rendered":"\n<p>W Porto Camino zaczyna si\u0119 na placu przed katedr\u0105.<\/p>\n\n\n<div class=\"wp-block-image\">\n<figure data-wp-context=\"{&quot;imageId&quot;:&quot;69fb4cbb8f374&quot;}\" data-wp-interactive=\"core\/image\" data-wp-key=\"69fb4cbb8f374\" class=\"aligncenter size-large is-resized wp-lightbox-container\"><img loading=\"lazy\" decoding=\"async\" width=\"1024\" height=\"768\" data-wp-class--hide=\"state.isContentHidden\" data-wp-class--show=\"state.isContentVisible\" data-wp-init=\"callbacks.setButtonStyles\" data-wp-on--click=\"actions.showLightbox\" data-wp-on--load=\"callbacks.setButtonStyles\" data-wp-on-window--resize=\"callbacks.setButtonStyles\" src=\"https:\/\/trektrycy.pl\/wp-content\/uploads\/2024\/01\/IMG_0052-1024x768.jpg\" alt=\"\" class=\"wp-image-11520\" style=\"width:750px\" srcset=\"https:\/\/trektrycy.pl\/wp-content\/uploads\/2024\/01\/IMG_0052-1024x768.jpg 1024w, https:\/\/trektrycy.pl\/wp-content\/uploads\/2024\/01\/IMG_0052-300x225.jpg 300w, https:\/\/trektrycy.pl\/wp-content\/uploads\/2024\/01\/IMG_0052-768x576.jpg 768w, https:\/\/trektrycy.pl\/wp-content\/uploads\/2024\/01\/IMG_0052-80x60.jpg 80w, https:\/\/trektrycy.pl\/wp-content\/uploads\/2024\/01\/IMG_0052.jpg 1440w\" sizes=\"auto, (max-width: 1024px) 100vw, 1024px\" \/><button\n\t\t\tclass=\"lightbox-trigger\"\n\t\t\ttype=\"button\"\n\t\t\taria-haspopup=\"dialog\"\n\t\t\taria-label=\"Powi\u0119ksz\"\n\t\t\tdata-wp-init=\"callbacks.initTriggerButton\"\n\t\t\tdata-wp-on--click=\"actions.showLightbox\"\n\t\t\tdata-wp-style--right=\"state.imageButtonRight\"\n\t\t\tdata-wp-style--top=\"state.imageButtonTop\"\n\t\t>\n\t\t\t<svg xmlns=\"http:\/\/www.w3.org\/2000\/svg\" width=\"12\" height=\"12\" fill=\"none\" viewBox=\"0 0 12 12\">\n\t\t\t\t<path fill=\"#fff\" d=\"M2 0a2 2 0 0 0-2 2v2h1.5V2a.5.5 0 0 1 .5-.5h2V0H2Zm2 10.5H2a.5.5 0 0 1-.5-.5V8H0v2a2 2 0 0 0 2 2h2v-1.5ZM8 12v-1.5h2a.5.5 0 0 0 .5-.5V8H12v2a2 2 0 0 1-2 2H8Zm2-12a2 2 0 0 1 2 2v2h-1.5V2a.5.5 0 0 0-.5-.5H8V0h2Z\" \/>\n\t\t\t<\/svg>\n\t\t<\/button><\/figure>\n<\/div>\n\n\n<div style=\"height:20px\" aria-hidden=\"true\" class=\"wp-block-spacer\"><\/div>\n\n\n\n<h4 class=\"wp-block-heading has-luminous-vivid-orange-color has-text-color has-link-color wp-elements-02738e981a2c3259dc0cad99a8ad4240\"><strong>Kwiecie\u0144\/Maj 2016<\/strong><\/h4>\n\n\n\n<p>O drogach prowadz\u0105cych do Santiago de Compostela w Hiszpanii wiedzieli\u015bmy od dawna. Widzieli\u015bmy programy w TV, znajomi przejechali Camino na rowerach, ale dop\u00f3ki pracowali\u015bmy, a synowie chodzili do szk\u00f3\u0142 nie by\u0142o mowy o tym, by wzi\u0105\u0107 sobie wolne od tylu r\u00f3\u017cnych obowi\u0105zk\u00f3w na par\u0119 tygodni i p\u00f3j\u015b\u0107 na Camino. Zostawiali\u015bmy sobie to na emerytur\u0119.<\/p>\n\n\n\n<p>Trzy dni po osi\u0105gnieciu wieku emerytalnego, kiedy to czas mia\u0142 si\u0119 dla nas uwolni\u0107 od termin\u00f3w, Z. dosta\u0142 zawa\u0142u. Po wyj\u015bciu Z. ze szpitala okaza\u0142o si\u0119, \u017ce nasz horyzont wyprawowy skurczy\u0142 si\u0119 nagle do spaceru na drug\u0105 stron\u0119 ulicy. Potem, po jakim\u015b czasie, osi\u0105gali\u015bmy ju\u017c Rynek odleg\u0142y o 2 kilometry, z trzema odpoczynkami po drodze. No i tak chodzili\u015bmy codziennie, coraz dalej, przez kilkana\u015bcie miesi\u0119cy.<\/p>\n\n\n\n<p>Wtedy syn Przemek zacz\u0105\u0142 nas namawia\u0107, \u017ceby\u015bmy poszli na Camino. By\u0142 i uzna\u0142, \u017ce nam to dobrze zrobi. D\u0142ugo nie byli\u015bmy przekonani, \u017ce damy rad\u0119, ale kiedy dwaj synowie postanowili, ze p\u00f3jd\u0105 z nami na wszelki wypadek, postanowili\u015bmy i\u015b\u0107. W ko\u0144cu po\u015bwi\u0119cali na to cenne dni swoich urlop\u00f3w w towarzystwie pewnie ciekawszym ni\u017c nasze.<\/p>\n\n\n\n<p>Na pierwsze nasze Camino wybrali\u015bmy wsp\u00f3lnie tras\u0119 raczej p\u0142ask\u0105, bez pustkowia pod drodze, czyli Caminho Portugues, z Porto do Santiago de Compostela.<\/p>\n\n\n\n<div style=\"height:50px\" aria-hidden=\"true\" class=\"wp-block-spacer\"><\/div>\n\n\n\n<div class=\"wp-block-buttons is-content-justification-space-between is-layout-flex wp-container-core-buttons-is-layout-3d213aab wp-block-buttons-is-layout-flex\">\n<div class=\"wp-block-button\"><a class=\"wp-block-button__link has-white-color has-vivid-cyan-blue-background-color has-text-color has-background has-link-color wp-element-button\" href=\"https:\/\/trektrycy.pl\/?page_id=459\"><strong>Camino Portugues<\/strong><\/a><\/div>\n\n\n\n<div class=\"wp-block-button\"><a class=\"wp-block-button__link has-white-color has-vivid-cyan-blue-background-color has-text-color has-background has-link-color wp-element-button\" href=\"http:\/\/W drodze\">Strona g\u0142\u00f3wna<\/a><\/div>\n\n\n\n<div class=\"wp-block-button\"><a class=\"wp-block-button__link has-white-color has-vivid-cyan-blue-background-color has-text-color has-background has-link-color wp-element-button\" href=\"https:\/\/trektrycy.pl\/?page_id=11526\"><strong>Porto<\/strong> &gt;&gt;<\/a><\/div>\n<\/div>\n\n\n\n<div style=\"height:50px\" aria-hidden=\"true\" class=\"wp-block-spacer\"><\/div>\n<style>.template_11{background:#2980b9;background:linear-gradient(225deg,#2980b9 0,#6dd5fa 50%,#fff 100%);padding:15px;margin:15px;border-radius:40px;border:2px solid #2980b9;font-family:calibri;font-size:13pt;text-align:center}.template_11>div{color:#1a1a1a;display:inline-block;margin:0 30px}.template_11>div>span{font-weight:700;margin-left:10px}.template_11 .icons{color:#1a1a1a;margin-right:5px;font-weight:700}@media (max-width:644px){.template_11>div{margin:0 10px}}@media (max-width:525px){.template_11>div{display:block;margin:0;padding:10px 0;border-bottom:1px solid #2980b9}.template_11>div:last-child{border-bottom:none}}<\/style><style>.apvc_shortcode_ren_9888 { text-align:center;} <\/style><div class=\"apvc_shortcode_ren_9888 template_11\"><div><img decoding=\"async\" src=\"https:\/\/trektrycy.pl\/wp-content\/plugins\/advanced-page-visit-counter\/public\/images\/eye-icon.png\" class=\"apvc-view-icon\" alt=\"apvc-icon\">Odwiedzin: 16996<\/div><\/div>","protected":false},"excerpt":{"rendered":"<p>W Porto Camino zaczyna si\u0119 na placu przed katedr\u0105. Kwiecie\u0144\/Maj 2016 O drogach prowadz\u0105cych do Santiago de Compostela w Hiszpanii wiedzieli\u015bmy od dawna. Widzieli\u015bmy programy &hellip; <\/p>\n","protected":false},"author":1,"featured_media":0,"parent":459,"menu_order":1,"comment_status":"closed","ping_status":"closed","template":"","meta":{"advgb_blocks_editor_width":"","advgb_blocks_columns_visual_guide":"","footnotes":""},"class_list":["post-11519","page","type-page","status-publish","hentry"],"aioseo_notices":[],"coauthors":[],"author_meta":{"author_link":"https:\/\/trektrycy.pl\/?author=1","display_name":"Zbig"},"relative_dates":{"created":"Opublikowano 2 lata temu","modified":"Zaktualizowano 2 lata temu"},"absolute_dates":{"created":"Opublikowano 15\/01\/2024","modified":"Zaktualizowano 15\/01\/2024"},"absolute_dates_time":{"created":"Opublikowano 15\/01\/2024 12:39","modified":"Zaktualizowano 15\/01\/2024 14:55"},"featured_img_caption":"","featured_img":false,"series_order":"","_links":{"self":[{"href":"https:\/\/trektrycy.pl\/index.php?rest_route=\/wp\/v2\/pages\/11519","targetHints":{"allow":["GET"]}}],"collection":[{"href":"https:\/\/trektrycy.pl\/index.php?rest_route=\/wp\/v2\/pages"}],"about":[{"href":"https:\/\/trektrycy.pl\/index.php?rest_route=\/wp\/v2\/types\/page"}],"author":[{"embeddable":true,"href":"https:\/\/trektrycy.pl\/index.php?rest_route=\/wp\/v2\/users\/1"}],"replies":[{"embeddable":true,"href":"https:\/\/trektrycy.pl\/index.php?rest_route=%2Fwp%2Fv2%2Fcomments&post=11519"}],"version-history":[{"count":8,"href":"https:\/\/trektrycy.pl\/index.php?rest_route=\/wp\/v2\/pages\/11519\/revisions"}],"predecessor-version":[{"id":11533,"href":"https:\/\/trektrycy.pl\/index.php?rest_route=\/wp\/v2\/pages\/11519\/revisions\/11533"}],"up":[{"embeddable":true,"href":"https:\/\/trektrycy.pl\/index.php?rest_route=\/wp\/v2\/pages\/459"}],"wp:attachment":[{"href":"https:\/\/trektrycy.pl\/index.php?rest_route=%2Fwp%2Fv2%2Fmedia&parent=11519"}],"curies":[{"name":"wp","href":"https:\/\/api.w.org\/{rel}","templated":true}]}}